- 65/(-75). What is the greatest common divisor of x and 7?
1
Let i be (2124/(-590))/(3/(-160)). What is the greatest common factor of i and 224?
32
Let s(t) = -t**3 + 8*t**2. Let v be s(8). Suppose -3*f + 0*f + 4*m - 820 = v, -2*m - 10 = 0. Let d = 533 + f. Calculate the greatest common divisor of d and 23.
23
Suppose 6*n = -4*n + 1050. Calculate the greatest common divisor of n and 70.
35
Let h be 3*31 - 39/(-14 - -27). Calculate the highest common divisor of h and 80.
10
Let m = 334 + -226. What is the highest common divisor of 54 and m?
54
Suppose -2*a + 3*x = 3 + 2, 0 = 4*a + 3*x + 37. Let j(r) = -r - 1. Let s be j(a). Calculate the highest common divisor of 66 and s.
6
Let s be (-105)/(-15) - (-9 - 0/(-2)). What is the greatest common divisor of 40 and s?
8
Suppose 26 = 5*c - 64. Suppose 2*q + 6*f = 9*f - 11, -31 = -8*q - 3*f. Calculate the greatest common divisor of q and c.
2
Let o(t) = 6*t + 25*t - 3 + 13 - 4*t. Let z be o(2). Suppose -23 = -2*y + 9. Calculate the highest common divisor of y and z.
16
Let s = 80 + -36. Suppose 2*j - 6*j = -5*d + 44, 0 = 2*d + 5*j - s. Calculate the highest common divisor of 60 and d.
12
Suppose w = 2*s - 217, -w - w - 218 = -2*s. Calculate the greatest common factor of s and 24.
12
Let d(y) = y**3 + 10*y**2 + 15*y + 4. Let a(l) = l**2 + 15*l + 38. Let c be a(-4). Let z be d(c). What is the greatest common divisor of 2 and z?
2
Let x(w) = w**2 - w. Let k be x(0). Suppose -2*n + 4*l + 9 + 11 = k, n + 3*l - 15 = 0. What is the highest common factor of n and 12?
12
Let x(n) = -37*n + 8. Let l be x(-1). Suppose -2*d + 283 = -7*o + 2*o, 0 = 3*o + 15. Let v = d - l. What is the highest common divisor of 12 and v?
12
Suppose 55*p - 13*p - 4704 = 0. Calculate the highest common divisor of p and 7.
7
Suppose 3*n + 3*v = 99, -5*n - 13*v = -16*v - 125. Calculate the highest common divisor of n and 77.
7
Let k be (10 + -2)*(0 - -1). Let c be -6*(-30 - (-1 + -1)). Suppose 2*u - m = -u + c, 2*u - 112 = -2*m. Calculate the greatest common factor of k and u.
8
Suppose -w = 3*w, 5*m = -5*w - 295. Let c = m - -105. What is the highest common factor of c and 115?
23
Suppose 4 - 16 = -4*i. Suppose -4*o = 4 - 0. Let n be 3 + (i - o)/(-2). Calculate the greatest common divisor of 2 and n.
1
Let a(o) = o + 11. Let b be a(-7). Suppose 0 = 3*d - 11 - b. Calculate the greatest common factor of 1 and d.
1
Let m be (12/(-8))/((-6)/160). Let i = m + -57. Let r be 0 - i/(1 - 0). Calculate the greatest common factor of r and 85.
17
Suppose 0 = -9*v + 8*v - 6. Let i be (-7)/(21/v) - -1. Let s(z) = z + 7. Let j be s(-5). What is the highest common divisor of i and j?
1
Let h be (-5)/((-20)/(-68))*1. Let n = 51 + h. Suppose 4*g = 6 + n. What is the highest common divisor of g and 25?
5
Let g(d) = d**3 + 11*d**2 + 7*d - 6. Let m be g(-10). Calculate the greatest common factor of m and 40.
8
Let v = 111 + -62. Let c be (1/(-3))/(9/(-189)). What is the greatest common divisor of v and c?
7
Let z = 1955 + -1714. What is the highest common divisor of z and 1?
1
Let u(s) = 5*s + 16. Let p be u(4). What is the highest common divisor of p and 9?
9
Let o be -11*((-20)/6 - 12/18). Let c be (0 - 2/(-2)) + o + -18. Let f(l) = -7*l - 1. Let h be f(-4). Calculate the greatest common factor of h and c.
27
Let z(t) = -12*t - 1. Let o be z(-4). Suppose 0 = h - o - 108. Calculate the highest common factor of h and 62.
31
Let w be 1 + (-7 - -168)/7. Calculate the highest common divisor of w and 696.
24
Let s be 0 - -30 - (8 + -10). Calculate the greatest common factor of s and 96.
32
Let y be (-3 - -4)*5 + -3 + 24. What is the greatest common divisor of 299 and y?
13
Suppose 0 = -13*k + 7 - 20. Let p = -1 + 7. Let v = p - k. Calculate the greatest common divisor of v and 14.
7
Let a = -6 - -8. Let l = 6 - a. Suppose 0 = -l*i + 16, 4*r - 52 = r - 4*i. Calculate the greatest common factor of 18 and r.
6
Let d(x) = x + 5*x + x**2 - 7*x - 4. Let p be d(5). What is the highest common divisor of 80 and p?
16
Let b = 297 + -142. Suppose 2*s - b = -4*h - 3*s, -4*s - 20 = 0. Let u = 9 + -4. Calculate the highest common factor of h and u.
5
Let c = -16 + 18. Let w be c - 3 - (-3 - 0). Suppose -w*x - 4*x + 270 = 0. Calculate the greatest common factor of x and 5.
5
Suppose 0*j - j + 128 = 0. Let g be 1/(1/j) - 0. Suppose -q - 3*q + 69 = -5*o, -o - 33 = -2*q. Calculate the greatest common factor of g and q.
16
Let x be (28203/6)/7*66/33. What is the highest common divisor of x and 79?
79
Suppose 0 = s - 58 - 356. What is the highest common divisor of s and 184?
46
Let g = -43 - -29. Let r(l) = -6*l - 18. Let p be r(g). Let k = 33 - -11. Calculate the greatest common divisor of p and k.
22
Let w be 1*392/16*(-20)/(-7). What is the highest common divisor of 945 and w?
35
Suppose 0*c - 322 = -3*c - 5*g, 412 = 4*c - 2*g. Let i = 236 - c. Calculate the greatest common factor of i and 12.
12
Let d(u) = 42*u - 570. Let t be d(15). What is the highest common divisor of t and 450?
30
Let t(a) = -3*a + 22. Let y be t(0). Suppose -4*c = -y - 6. What is the highest common divisor of 28 and c?
7
Suppose 9*n - 880 = 713. What is the greatest common factor of n and 3?
3
Suppose c - 30 = -5*u - 3*c, c - 13 = -4*u. Suppose -5*q + 78 = -u*q. Let l be q/((-8)/(-20)*1). Calculate the highest common factor of 26 and l.
13
Let g = -7 - -16. Suppose 68 + g = 7*k. What is the highest common divisor of k and 55?
11
Let a be 8/(-20) - (-3770)/50. What is the greatest common divisor of a and 60?
15
Suppose 0 = -t + 39 + 94. Let r = 138 - t. Calculate the highest common factor of r and 45.
5
Let l be 0 + (-262)/(-11) - (-24)/132. Suppose -280 = -l*s + 19*s. What is the highest common factor of 7 and s?
7
Let i be (0/1 - 2)*10. Suppose 0 = -3*d + m - 46 + 29, d + 11 = 3*m. Let n be i/d*(1 - -1). Calculate the highest common factor of n and 1.
1
Suppose 60*p - 3264 = 4416. What is the highest common factor of p and 16?
16
Suppose -r + 3*g + 5 = 0, 13 = r + 4*g - 13. Let q(p) = p**3 - 7*p**2 + 13*p. Let d be q(6). Calculate the highest common divisor of r and d.
14
Suppose 5*z - 738 = 537. Calculate the greatest common divisor of 102 and z.
51
Let k = -1212 + 1216. What is the greatest common factor of k and 50?
2
Let m = -254 + 257. Calculate the greatest common factor of 63 and m.
3
Let w(a) = -a + 9. Let v = 3 - -3. Suppose 4*u - v*u + 8 = 0. Let n be w(u). Calculate the highest common factor of n and 30.
5
Let s(k) = -51*k + 837. Let m be s(-38). What is the highest common divisor of 111 and m?
111
Suppose -5*q + 55 = 15. Suppose 4*z + 4*c - 43 = 217, 0 = -3*z - 4*c + 196. Calculate the highest common factor of q and z.
8
Let b be (14/630*15)/((-1)/(-141)). Calculate the greatest common divisor of b and 47.
47
Let j(u) = 173*u - 208. Let f be j(2). What is the highest common factor of f and 299?
23
Let g(x) = -x**2 + 2*x + 10. Let m be g(9). Let v = 90 + m. Let w = -7 + v. Calculate the highest common factor of 6 and w.
6
Let m(c) = 3*c**2 + 38*c + 90. Let a be m(-10). Calculate the highest common factor of a and 215.
5
Let h(r) = -8*r**3 - 5*r**2 - r - 20. Let g be h(-4). Calculate the greatest common factor of 26 and g.
26
Let z be 24*(-2)/((-18)/33). Let u(y) = 3*y**3 - 3*y**2 + 2*y + 6. Let f be u(2). What is the greatest common divisor of z and f?
22
Let o be ((-19)/(-2))/(1/12). Let r = 261 - o. Suppose -d - 3*y = -30, 0*d = -d - 5*y + 36. Calculate the highest common divisor of d and r.
21
Suppose 0 = 2*a + 5*t - 229 + 58, -4*t - 510 = -5*a. Calculate the highest common factor of 2 and a.
2
Suppose -222*x + 4140 = -210*x. What is the greatest common factor of x and 46?
23
Suppose -3*y - 5*m + 1097 = 0, -y + 5*y - m = 1478. Calculate the highest common factor of 9 and y.
9
Let f(k) = 2*k + 13. Let y be f(4). What is the highest common divisor of 6 and y?
3
Suppose -11*b = -6*b - 620. Suppose -877 = -13*x + b. Suppose -j = 3*j - 28. What is the greatest common divisor of x and j?
7
Let c be 2 - (-14*28 - -6). Calculate the highest common divisor of c and 12.
4
Let p(f) = -5*f**2 - f + 2. Let k be p(2). Let s be ((-24)/7)/(k/140). What is the greatest common factor of 12 and s?
12
Suppose -3*i + 4 + 25 = 5*z, 3*z + 3*i = 21. Suppose 0 = 3*c - c - 12. Calculate the highest common divi